{"id":493,"date":"2020-05-04T15:03:09","date_gmt":"2020-05-04T15:03:09","guid":{"rendered":"http:\/\/ingedisa.com.ec\/solucionesindustriales\/?page_id=493"},"modified":"2021-09-13T14:11:34","modified_gmt":"2021-09-13T14:11:34","slug":"equipo-de-pintura","status":"publish","type":"page","link":"http:\/\/ingedisa.com.ec\/solucionesindustriales\/index.php\/equipo-de-pintura\/","title":{"rendered":"Equipo de Pintura"},"content":{"rendered":"<p style=\"text-align: center;\"><span style=\"color: #000080;\">Los pulverizadores CLASSIC de \u00faltima generaci\u00f3n se han actualizado ahora con ProConnect\u2122, un sistema r\u00e1pido y f\u00e1cil de sustituci\u00f3n de bombas en el lugar de trabajo que aumenta todav\u00eda m\u00e1s el valor de los equipos el\u00e9ctricos compactos m\u00e1s fiables. El 390 CLASSIC PC, equipado con motor de escobillas es una herramienta robusta y eficaz construida para profesionales que est\u00e1n \u00abarrancando\u00bb. Se trata del pulverizador ideal para trabajos residenciales.\u00a0 La tecnolog\u00eda de bomba Endurance\u2122, de eficacia demostrada, en todos los modelos CLASSIC hace que este pulverizador sea perfecto para profesionales que pulverizan con frecuencia una amplia gama de recubrimientos interiores y exteriores.<\/span><\/p>\n<h2><span style=\"color: #000080;\">EQUIPOS DE PINTURA AIRLESS EL\u00c9CTRICOS PROFESIONALES<\/span><\/h2>\n<p style=\"text-align: center;\"><img loading=\"lazy\" decoding=\"async\" class=\"alignnone size-medium wp-image-638\" src=\"http:\/\/ingedisa.com.ec\/solucionesindustriales\/wp-content\/uploads\/2020\/05\/airless-ultra-pro-300x293.jpg\" alt=\"\" width=\"300\" height=\"293\" srcset=\"http:\/\/ingedisa.com.ec\/solucionesindustriales\/wp-content\/uploads\/2020\/05\/airless-ultra-pro-300x293.jpg 300w, http:\/\/ingedisa.com.ec\/solucionesindustriales\/wp-content\/uploads\/2020\/05\/airless-ultra-pro.jpg 500w\" sizes=\"auto, (max-width: 300px) 100vw, 300px\" \/>\u00a0 \u00a0 \u00a0 \u00a0 \u00a0 \u00a0 \u00a0 \u00a0 \u00a0 \u00a0 \u00a0 \u00a0 \u00a0 \u00a0 \u00a0 \u00a0 \u00a0 \u00a0 \u00a0 \u00a0 \u00a0 \u00a0 \u00a0 \u00a0<img loading=\"lazy\" decoding=\"async\" class=\"alignnone wp-image-639\" src=\"http:\/\/ingedisa.com.ec\/solucionesindustriales\/wp-content\/uploads\/2020\/05\/ultra-max-ii-490-hi-boy-pulverizador-de-pintura-300x293.jpg\" alt=\"\" width=\"300\" height=\"293\" srcset=\"http:\/\/ingedisa.com.ec\/solucionesindustriales\/wp-content\/uploads\/2020\/05\/ultra-max-ii-490-hi-boy-pulverizador-de-pintura-300x293.jpg 300w, http:\/\/ingedisa.com.ec\/solucionesindustriales\/wp-content\/uploads\/2020\/05\/ultra-max-ii-490-hi-boy-pulverizador-de-pintura.jpg 500w\" sizes=\"auto, (max-width: 300px) 100vw, 300px\" \/><\/p>\n<table style=\"height: 136px;\" width=\"850\">\n<tbody>\n<tr>\n<td width=\"153\"><\/td>\n<\/tr>\n<tr>\n<td>\n<h2 style=\"text-align: center;\"><span style=\"color: #000080;\">ULTRA 395 LO BOY<\/span><\/h2>\n<\/td>\n<td width=\"217\">\n<h2 style=\"text-align: center;\"><span style=\"color: #000080;\">ULTRA 490 HI BOY<\/span><\/h2>\n<\/td>\n<\/tr>\n<\/tbody>\n<\/table>\n<h2><\/h2>\n<p>&nbsp;<\/p>\n<p style=\"text-align: center;\"><img loading=\"lazy\" decoding=\"async\" class=\"alignnone size-medium wp-image-640\" src=\"http:\/\/ingedisa.com.ec\/solucionesindustriales\/wp-content\/uploads\/2020\/05\/repuestos-graco-300x240.jpg\" alt=\"\" width=\"300\" height=\"240\" srcset=\"http:\/\/ingedisa.com.ec\/solucionesindustriales\/wp-content\/uploads\/2020\/05\/repuestos-graco-300x240.jpg 300w, http:\/\/ingedisa.com.ec\/solucionesindustriales\/wp-content\/uploads\/2020\/05\/repuestos-graco-768x614.jpg 768w, http:\/\/ingedisa.com.ec\/solucionesindustriales\/wp-content\/uploads\/2020\/05\/repuestos-graco.jpg 945w\" sizes=\"auto, (max-width: 300px) 100vw, 300px\" \/><\/p>\n<h2 style=\"text-align: center;\"><span style=\"color: #000080;\">ACCESORIOS Y REPUESTOS<\/span><\/h2>\n<p>&nbsp;<\/p>\n","protected":false},"excerpt":{"rendered":"<p>Los pulverizadores CLASSIC de \u00faltima generaci\u00f3n se han actualizado ahora con ProConnect\u2122, un sistema r\u00e1pido y f\u00e1cil de sustituci\u00f3n de bombas en el lugar de trabajo que aumenta todav\u00eda m\u00e1s el valor de los equipos el\u00e9ctricos compactos m\u00e1s fiables. El 390 CLASSIC PC, equipado con motor de escobillas es una herramienta robusta y eficaz construida [&hellip;]<\/p>\n","protected":false},"author":1,"featured_media":0,"parent":0,"menu_order":0,"comment_status":"closed","ping_status":"closed","template":"","meta":{"footnotes":""},"class_list":["post-493","page","type-page","status-publish","hentry"],"_links":{"self":[{"href":"http:\/\/ingedisa.com.ec\/solucionesindustriales\/index.php\/wp-json\/wp\/v2\/pages\/493","targetHints":{"allow":["GET"]}}],"collection":[{"href":"http:\/\/ingedisa.com.ec\/solucionesindustriales\/index.php\/wp-json\/wp\/v2\/pages"}],"about":[{"href":"http:\/\/ingedisa.com.ec\/solucionesindustriales\/index.php\/wp-json\/wp\/v2\/types\/page"}],"author":[{"embeddable":true,"href":"http:\/\/ingedisa.com.ec\/solucionesindustriales\/index.php\/wp-json\/wp\/v2\/users\/1"}],"replies":[{"embeddable":true,"href":"http:\/\/ingedisa.com.ec\/solucionesindustriales\/index.php\/wp-json\/wp\/v2\/comments?post=493"}],"version-history":[{"count":4,"href":"http:\/\/ingedisa.com.ec\/solucionesindustriales\/index.php\/wp-json\/wp\/v2\/pages\/493\/revisions"}],"predecessor-version":[{"id":636,"href":"http:\/\/ingedisa.com.ec\/solucionesindustriales\/index.php\/wp-json\/wp\/v2\/pages\/493\/revisions\/636"}],"wp:attachment":[{"href":"http:\/\/ingedisa.com.ec\/solucionesindustriales\/index.php\/wp-json\/wp\/v2\/media?parent=493"}],"curies":[{"name":"wp","href":"https:\/\/api.w.org\/{rel}","templated":true}]}}